{"version":"1.0","provider_name":"Iglesia Adventista del S\u00e9ptimo D\u00eda - Divisi\u00f3n Interamericana","provider_url":"https:\/\/interamerica.org\/es\/","author_name":"Lorenzo Verduzco","author_url":"https:\/\/interamerica.org\/es\/author\/lorenzoverduzco\/","title":"Dos miembros adventistas detenidos en Bangladesh - Iglesia Adventista del S\u00e9ptimo D\u00eda - Divisi\u00f3n Interamericana","type":"rich","width":600,"height":338,"html":"<blockquote class=\"wp-embedded-content\" data-secret=\"lGh4ZRHqux\"><a href=\"https:\/\/interamerica.org\/es\/2015\/03\/dos-miembros-adventistas-detenidos-en-bangladesh\/\">Dos miembros adventistas detenidos en Bangladesh<\/a><\/blockquote><iframe sandbox=\"allow-scripts\" security=\"restricted\" src=\"https:\/\/interamerica.org\/es\/2015\/03\/dos-miembros-adventistas-detenidos-en-bangladesh\/embed\/#?secret=lGh4ZRHqux\" width=\"600\" height=\"338\" title=\"\u00abDos miembros adventistas detenidos en Bangladesh\u00bb \u2014 Iglesia Adventista del S\u00e9ptimo D\u00eda - Divisi\u00f3n Interamericana\" data-secret=\"lGh4ZRHqux\" frameborder=\"0\" marginwidth=\"0\" marginheight=\"0\" scrolling=\"no\" class=\"wp-embedded-content\"><\/iframe><script type=\"text\/javascript\">\n\/* <![CDATA[ *\/\n\/*! This file is auto-generated *\/\n!function(d,l){\"use strict\";l.querySelector&&d.addEventListener&&\"undefined\"!=typeof URL&&(d.wp=d.wp||{},d.wp.receiveEmbedMessage||(d.wp.receiveEmbedMessage=function(e){var t=e.data;if((t||t.secret||t.message||t.value)&&!\/[^a-zA-Z0-9]\/.test(t.secret)){for(var s,r,n,a=l.querySelectorAll('iframe[data-secret=\"'+t.secret+'\"]'),o=l.querySelectorAll('blockquote[data-secret=\"'+t.secret+'\"]'),c=new RegExp(\"^https?:$\",\"i\"),i=0;i<o.length;i++)o[i].style.display=\"none\";for(i=0;i<a.length;i++)s=a[i],e.source===s.contentWindow&&(s.removeAttribute(\"style\"),\"height\"===t.message?(1e3<(r=parseInt(t.value,10))?r=1e3:~~r<200&&(r=200),s.height=r):\"link\"===t.message&&(r=new URL(s.getAttribute(\"src\")),n=new URL(t.value),c.test(n.protocol))&&n.host===r.host&&l.activeElement===s&&(d.top.location.href=t.value))}},d.addEventListener(\"message\",d.wp.receiveEmbedMessage,!1),l.addEventListener(\"DOMContentLoaded\",function(){for(var e,t,s=l.querySelectorAll(\"iframe.wp-embedded-content\"),r=0;r<s.length;r++)(t=(e=s[r]).getAttribute(\"data-secret\"))||(t=Math.random().toString(36).substring(2,12),e.src+=\"#?secret=\"+t,e.setAttribute(\"data-secret\",t)),e.contentWindow.postMessage({message:\"ready\",secret:t},\"*\")},!1)))}(window,document);\n\/\/# sourceURL=https:\/\/interamerica.org\/wp-includes\/js\/wp-embed.min.js\n\/* ]]> *\/\n<\/script>\n","thumbnail_url":"https:\/\/interamerica.org\/wp-content\/uploads\/2017\/06\/csm_Bangladesh-01_c895abf6fd.jpg","thumbnail_width":400,"thumbnail_height":310,"description":"La Iglesia Adventista del S\u00e9ptimo D\u00eda dijo el martes que dos miembros adventistas hab\u00edan sido detenidos en Bangladesh bajo cargos no muy claros. Han sido liberados de la prisi\u00f3n antes de una audiencia ante un tribunal, dijo el vocero de la iglesia, Garrett Caldwell."}

Iglesia Adventista del Séptimo Día - División Interamericana

Dos miembros adventistas detenidos en Bangladesh - Iglesia Adventista del Séptimo Día - División Interamericana

<blockquote class="wp-embedded-content" data-secret="lGh4ZRHqux"><a href="https://interamerica.org/es/2015/03/dos-miembros-adventistas-detenidos-en-bangladesh/">Dos miembros adventistas detenidos en Bangladesh</a></blockquote><iframe sandbox="allow-scripts" security="restricted" src="https://interamerica.org/es/2015/03/dos-miembros-adventistas-detenidos-en-bangladesh/embed/#?secret=lGh4ZRHqux" width="600" height="338" title="«Dos miembros adventistas detenidos en Bangladesh» — Iglesia Adventista del Séptimo Día - División Interamericana" data-secret="lGh4ZRHqux" frameborder="0" marginwidth="0" marginheight="0" scrolling="no" class="wp-embedded-content"></iframe><script type="text/javascript">
/* <![CDATA[ */
/*! This file is auto-generated */
!function(d,l){"use strict";l.querySelector&&d.addEventListener&&"undefined"!=typeof URL&&(d.wp=d.wp||{},d.wp.receiveEmbedMessage||(d.wp.receiveEmbedMessage=function(e){var t=e.data;if((t||t.secret||t.message||t.value)&&!/[^a-zA-Z0-9]/.test(t.secret)){for(var s,r,n,a=l.querySelectorAll('iframe[data-secret="'+t.secret+'"]'),o=l.querySelectorAll('blockquote[data-secret="'+t.secret+'"]'),c=new RegExp("^https?:$","i"),i=0;i<o.length;i++)o[i].style.display="none";for(i=0;i<a.length;i++)s=a[i],e.source===s.contentWindow&&(s.removeAttribute("style"),"height"===t.message?(1e3<(r=parseInt(t.value,10))?r=1e3:~~r<200&&(r=200),s.height=r):"link"===t.message&&(r=new URL(s.getAttribute("src")),n=new URL(t.value),c.test(n.protocol))&&n.host===r.host&&l.activeElement===s&&(d.top.location.href=t.value))}},d.addEventListener("message",d.wp.receiveEmbedMessage,!1),l.addEventListener("DOMContentLoaded",function(){for(var e,t,s=l.querySelectorAll("iframe.wp-embedded-content"),r=0;r<s.length;r++)(t=(e=s[r]).getAttribute("data-secret"))||(t=Math.random().toString(36).substring(2,12),e.src+="#?secret="+t,e.setAttribute("data-secret",t)),e.contentWindow.postMessage({message:"ready",secret:t},"*")},!1)))}(window,document);
//# sourceURL=https://interamerica.org/wp-includes/js/wp-embed.min.js
/* ]]> */
</script>

La Iglesia Adventista del Séptimo Día dijo el martes que dos miembros adventistas habían sido detenidos en Bangladesh bajo cargos no muy claros. Han sido liberados de la prisión antes de una audiencia ante un tribunal, dijo el vocero de la iglesia, Garrett Caldwell.
