{"version":"1.0","provider_name":"Iglesia Adventista del S\u00e9ptimo D\u00eda - Divisi\u00f3n Interamericana","provider_url":"https:\/\/interamerica.org\/es\/","author_name":"Lorenzo Verduzco","author_url":"https:\/\/interamerica.org\/es\/author\/lorenzoverduzco\/","title":"La Iglesia Adventista en Nepal solicita ayuda urgente - Iglesia Adventista del S\u00e9ptimo D\u00eda - Divisi\u00f3n Interamericana","type":"rich","width":600,"height":338,"html":"<blockquote class=\"wp-embedded-content\" data-secret=\"0bIbxNozsB\"><a href=\"https:\/\/interamerica.org\/es\/2015\/04\/la-iglesia-adventista-en-nepal-solicita-ayuda-urgente\/\">La Iglesia Adventista en Nepal solicita ayuda urgente<\/a><\/blockquote><iframe sandbox=\"allow-scripts\" security=\"restricted\" src=\"https:\/\/interamerica.org\/es\/2015\/04\/la-iglesia-adventista-en-nepal-solicita-ayuda-urgente\/embed\/#?secret=0bIbxNozsB\" width=\"600\" height=\"338\" title=\"\u00abLa Iglesia Adventista en Nepal solicita ayuda urgente\u00bb \u2014 Iglesia Adventista del S\u00e9ptimo D\u00eda - Divisi\u00f3n Interamericana\" data-secret=\"0bIbxNozsB\" frameborder=\"0\" marginwidth=\"0\" marginheight=\"0\" scrolling=\"no\" class=\"wp-embedded-content\"><\/iframe><script type=\"text\/javascript\">\n\/* <![CDATA[ *\/\n\/*! This file is auto-generated *\/\n!function(d,l){\"use strict\";l.querySelector&&d.addEventListener&&\"undefined\"!=typeof URL&&(d.wp=d.wp||{},d.wp.receiveEmbedMessage||(d.wp.receiveEmbedMessage=function(e){var t=e.data;if((t||t.secret||t.message||t.value)&&!\/[^a-zA-Z0-9]\/.test(t.secret)){for(var s,r,n,a=l.querySelectorAll('iframe[data-secret=\"'+t.secret+'\"]'),o=l.querySelectorAll('blockquote[data-secret=\"'+t.secret+'\"]'),c=new RegExp(\"^https?:$\",\"i\"),i=0;i<o.length;i++)o[i].style.display=\"none\";for(i=0;i<a.length;i++)s=a[i],e.source===s.contentWindow&&(s.removeAttribute(\"style\"),\"height\"===t.message?(1e3<(r=parseInt(t.value,10))?r=1e3:~~r<200&&(r=200),s.height=r):\"link\"===t.message&&(r=new URL(s.getAttribute(\"src\")),n=new URL(t.value),c.test(n.protocol))&&n.host===r.host&&l.activeElement===s&&(d.top.location.href=t.value))}},d.addEventListener(\"message\",d.wp.receiveEmbedMessage,!1),l.addEventListener(\"DOMContentLoaded\",function(){for(var e,t,s=l.querySelectorAll(\"iframe.wp-embedded-content\"),r=0;r<s.length;r++)(t=(e=s[r]).getAttribute(\"data-secret\"))||(t=Math.random().toString(36).substring(2,12),e.src+=\"#?secret=\"+t,e.setAttribute(\"data-secret\",t)),e.contentWindow.postMessage({message:\"ready\",secret:t},\"*\")},!1)))}(window,document);\n\/\/# sourceURL=https:\/\/interamerica.org\/wp-includes\/js\/wp-embed.min.js\n\/* ]]> *\/\n<\/script>\n","thumbnail_url":"https:\/\/interamerica.org\/wp-content\/uploads\/2017\/06\/Nepalphoto.5.jpg","thumbnail_width":1000,"thumbnail_height":500,"description":"El presidente de la Iglesia Adventista del S\u00e9ptimo D\u00eda en Nepal hizo un llamado para ayuda de emergencia el lunes, a favor de much\u00edsimos miembros de iglesia que han perdido todo en un devastador terremoto ocurrido durante el fin de semana.  Los miembros tienen necesidad inmediata de ropa abrigadora, agua para beber y tiendas de campa\u00f1a para sobrevivir a la intemperie en un clima helado y a veces lluvioso, despu\u00e9s de un terremoto de magnitud 7.8 que azot\u00f3 Nepal el s\u00e1bado 25 de abril, matando a m\u00e1s de 4,000 personas e hiriendo a 7,000, dijo Umesh Pokharel, presidente de la Secci\u00f3n de Nepal, un campo adjunto de la Divisi\u00f3n Sudasi\u00e1tica de la Iglesia Adventista."}

Iglesia Adventista del Séptimo Día - División Interamericana

La Iglesia Adventista en Nepal solicita ayuda urgente - Iglesia Adventista del Séptimo Día - División Interamericana

<blockquote class="wp-embedded-content" data-secret="0bIbxNozsB"><a href="https://interamerica.org/es/2015/04/la-iglesia-adventista-en-nepal-solicita-ayuda-urgente/">La Iglesia Adventista en Nepal solicita ayuda urgente</a></blockquote><iframe sandbox="allow-scripts" security="restricted" src="https://interamerica.org/es/2015/04/la-iglesia-adventista-en-nepal-solicita-ayuda-urgente/embed/#?secret=0bIbxNozsB" width="600" height="338" title="«La Iglesia Adventista en Nepal solicita ayuda urgente» — Iglesia Adventista del Séptimo Día - División Interamericana" data-secret="0bIbxNozsB" frameborder="0" marginwidth="0" marginheight="0" scrolling="no" class="wp-embedded-content"></iframe><script type="text/javascript">
/* <![CDATA[ */
/*! This file is auto-generated */
!function(d,l){"use strict";l.querySelector&&d.addEventListener&&"undefined"!=typeof URL&&(d.wp=d.wp||{},d.wp.receiveEmbedMessage||(d.wp.receiveEmbedMessage=function(e){var t=e.data;if((t||t.secret||t.message||t.value)&&!/[^a-zA-Z0-9]/.test(t.secret)){for(var s,r,n,a=l.querySelectorAll('iframe[data-secret="'+t.secret+'"]'),o=l.querySelectorAll('blockquote[data-secret="'+t.secret+'"]'),c=new RegExp("^https?:$","i"),i=0;i<o.length;i++)o[i].style.display="none";for(i=0;i<a.length;i++)s=a[i],e.source===s.contentWindow&&(s.removeAttribute("style"),"height"===t.message?(1e3<(r=parseInt(t.value,10))?r=1e3:~~r<200&&(r=200),s.height=r):"link"===t.message&&(r=new URL(s.getAttribute("src")),n=new URL(t.value),c.test(n.protocol))&&n.host===r.host&&l.activeElement===s&&(d.top.location.href=t.value))}},d.addEventListener("message",d.wp.receiveEmbedMessage,!1),l.addEventListener("DOMContentLoaded",function(){for(var e,t,s=l.querySelectorAll("iframe.wp-embedded-content"),r=0;r<s.length;r++)(t=(e=s[r]).getAttribute("data-secret"))||(t=Math.random().toString(36).substring(2,12),e.src+="#?secret="+t,e.setAttribute("data-secret",t)),e.contentWindow.postMessage({message:"ready",secret:t},"*")},!1)))}(window,document);
//# sourceURL=https://interamerica.org/wp-includes/js/wp-embed.min.js
/* ]]> */
</script>

El presidente de la Iglesia Adventista del Séptimo Día en Nepal hizo un llamado para ayuda de emergencia el lunes, a favor de muchísimos miembros de iglesia que han perdido todo en un devastador terremoto ocurrido durante el fin de semana.  Los miembros tienen necesidad inmediata de ropa abrigadora, agua para beber y tiendas de campaña para sobrevivir a la intemperie en un clima helado y a veces lluvioso, después de un terremoto de magnitud 7.8 que azotó Nepal el sábado 25 de abril, matando a más de 4,000 personas e hiriendo a 7,000, dijo Umesh Pokharel, presidente de la Sección de Nepal, un campo adjunto de la División Sudasiática de la Iglesia Adventista.
