{"version":"1.0","provider_name":"Iglesia Adventista del S\u00e9ptimo D\u00eda - Divisi\u00f3n Interamericana","provider_url":"https:\/\/interamerica.org\/es\/","author_name":"Lorenzo Verduzco","author_url":"https:\/\/interamerica.org\/es\/author\/lorenzoverduzco\/","title":"La Iglesia Adventista lanzar\u00e1 nueva enciclopedia - Iglesia Adventista del S\u00e9ptimo D\u00eda - Divisi\u00f3n Interamericana","type":"rich","width":600,"height":338,"html":"<blockquote class=\"wp-embedded-content\" data-secret=\"lKlPNlAeRr\"><a href=\"https:\/\/interamerica.org\/es\/2015\/04\/la-iglesia-adventista-lanzara-nueva-enciclopedia\/\">La Iglesia Adventista lanzar\u00e1 nueva enciclopedia<\/a><\/blockquote><iframe sandbox=\"allow-scripts\" security=\"restricted\" src=\"https:\/\/interamerica.org\/es\/2015\/04\/la-iglesia-adventista-lanzara-nueva-enciclopedia\/embed\/#?secret=lKlPNlAeRr\" width=\"600\" height=\"338\" title=\"\u00abLa Iglesia Adventista lanzar\u00e1 nueva enciclopedia\u00bb \u2014 Iglesia Adventista del S\u00e9ptimo D\u00eda - Divisi\u00f3n Interamericana\" data-secret=\"lKlPNlAeRr\" frameborder=\"0\" marginwidth=\"0\" marginheight=\"0\" scrolling=\"no\" class=\"wp-embedded-content\"><\/iframe><script type=\"text\/javascript\">\n\/* <![CDATA[ *\/\n\/*! This file is auto-generated *\/\n!function(d,l){\"use strict\";l.querySelector&&d.addEventListener&&\"undefined\"!=typeof URL&&(d.wp=d.wp||{},d.wp.receiveEmbedMessage||(d.wp.receiveEmbedMessage=function(e){var t=e.data;if((t||t.secret||t.message||t.value)&&!\/[^a-zA-Z0-9]\/.test(t.secret)){for(var s,r,n,a=l.querySelectorAll('iframe[data-secret=\"'+t.secret+'\"]'),o=l.querySelectorAll('blockquote[data-secret=\"'+t.secret+'\"]'),c=new RegExp(\"^https?:$\",\"i\"),i=0;i<o.length;i++)o[i].style.display=\"none\";for(i=0;i<a.length;i++)s=a[i],e.source===s.contentWindow&&(s.removeAttribute(\"style\"),\"height\"===t.message?(1e3<(r=parseInt(t.value,10))?r=1e3:~~r<200&&(r=200),s.height=r):\"link\"===t.message&&(r=new URL(s.getAttribute(\"src\")),n=new URL(t.value),c.test(n.protocol))&&n.host===r.host&&l.activeElement===s&&(d.top.location.href=t.value))}},d.addEventListener(\"message\",d.wp.receiveEmbedMessage,!1),l.addEventListener(\"DOMContentLoaded\",function(){for(var e,t,s=l.querySelectorAll(\"iframe.wp-embedded-content\"),r=0;r<s.length;r++)(t=(e=s[r]).getAttribute(\"data-secret\"))||(t=Math.random().toString(36).substring(2,12),e.src+=\"#?secret=\"+t,e.setAttribute(\"data-secret\",t)),e.contentWindow.postMessage({message:\"ready\",secret:t},\"*\")},!1)))}(window,document);\n\/\/# sourceURL=https:\/\/interamerica.org\/wp-includes\/js\/wp-embed.min.js\n\/* ]]> *\/\n<\/script>\n","thumbnail_url":"https:\/\/interamerica.org\/wp-content\/uploads\/2017\/06\/rsz_img_8406.jpg","thumbnail_width":1000,"thumbnail_height":499,"description":"Los l\u00edderes adventistas han aprobado una Enciclopedia Adventista del S\u00e9ptimo D\u00eda, publicada por primera vez en 1966, completamente nueva, con \u00e9nfasis en su edici\u00f3n en l\u00ednea.  La nueva Enciclopedia Adventista del S\u00e9ptimo D\u00eda debutar\u00e1 en l\u00ednea en 2020, y ser\u00e1 publicada bajo la tutela de la Secretar\u00eda de Archivos, Estad\u00edsticas e Investigaciones de la Asociaci\u00f3n General."}

Iglesia Adventista del Séptimo Día - División Interamericana

La Iglesia Adventista lanzará nueva enciclopedia - Iglesia Adventista del Séptimo Día - División Interamericana

<blockquote class="wp-embedded-content" data-secret="lKlPNlAeRr"><a href="https://interamerica.org/es/2015/04/la-iglesia-adventista-lanzara-nueva-enciclopedia/">La Iglesia Adventista lanzará nueva enciclopedia</a></blockquote><iframe sandbox="allow-scripts" security="restricted" src="https://interamerica.org/es/2015/04/la-iglesia-adventista-lanzara-nueva-enciclopedia/embed/#?secret=lKlPNlAeRr" width="600" height="338" title="«La Iglesia Adventista lanzará nueva enciclopedia» — Iglesia Adventista del Séptimo Día - División Interamericana" data-secret="lKlPNlAeRr" frameborder="0" marginwidth="0" marginheight="0" scrolling="no" class="wp-embedded-content"></iframe><script type="text/javascript">
/* <![CDATA[ */
/*! This file is auto-generated */
!function(d,l){"use strict";l.querySelector&&d.addEventListener&&"undefined"!=typeof URL&&(d.wp=d.wp||{},d.wp.receiveEmbedMessage||(d.wp.receiveEmbedMessage=function(e){var t=e.data;if((t||t.secret||t.message||t.value)&&!/[^a-zA-Z0-9]/.test(t.secret)){for(var s,r,n,a=l.querySelectorAll('iframe[data-secret="'+t.secret+'"]'),o=l.querySelectorAll('blockquote[data-secret="'+t.secret+'"]'),c=new RegExp("^https?:$","i"),i=0;i<o.length;i++)o[i].style.display="none";for(i=0;i<a.length;i++)s=a[i],e.source===s.contentWindow&&(s.removeAttribute("style"),"height"===t.message?(1e3<(r=parseInt(t.value,10))?r=1e3:~~r<200&&(r=200),s.height=r):"link"===t.message&&(r=new URL(s.getAttribute("src")),n=new URL(t.value),c.test(n.protocol))&&n.host===r.host&&l.activeElement===s&&(d.top.location.href=t.value))}},d.addEventListener("message",d.wp.receiveEmbedMessage,!1),l.addEventListener("DOMContentLoaded",function(){for(var e,t,s=l.querySelectorAll("iframe.wp-embedded-content"),r=0;r<s.length;r++)(t=(e=s[r]).getAttribute("data-secret"))||(t=Math.random().toString(36).substring(2,12),e.src+="#?secret="+t,e.setAttribute("data-secret",t)),e.contentWindow.postMessage({message:"ready",secret:t},"*")},!1)))}(window,document);
//# sourceURL=https://interamerica.org/wp-includes/js/wp-embed.min.js
/* ]]> */
</script>

Los líderes adventistas han aprobado una Enciclopedia Adventista del Séptimo Día, publicada por primera vez en 1966, completamente nueva, con énfasis en su edición en línea.  La nueva Enciclopedia Adventista del Séptimo Día debutará en línea en 2020, y será publicada bajo la tutela de la Secretaría de Archivos, Estadísticas e Investigaciones de la Asociación General.
