{"version":"1.0","provider_name":"Iglesia Adventista del S\u00e9ptimo D\u00eda - Divisi\u00f3n Interamericana","provider_url":"https:\/\/interamerica.org\/es\/","author_name":"Lorenzo Verduzco","author_url":"https:\/\/interamerica.org\/es\/author\/lorenzoverduzco\/","title":"Sano, desde la cuna hasta la tumba - Iglesia Adventista del S\u00e9ptimo D\u00eda - Divisi\u00f3n Interamericana","type":"rich","width":600,"height":338,"html":"<blockquote class=\"wp-embedded-content\" data-secret=\"wbNhox8tFW\"><a href=\"https:\/\/interamerica.org\/es\/2018\/03\/sano-desde-la-cuna-hasta-la-tumba\/\">Sano, desde la cuna hasta la tumba<\/a><\/blockquote><iframe sandbox=\"allow-scripts\" security=\"restricted\" src=\"https:\/\/interamerica.org\/es\/2018\/03\/sano-desde-la-cuna-hasta-la-tumba\/embed\/#?secret=wbNhox8tFW\" width=\"600\" height=\"338\" title=\"\u00abSano, desde la cuna hasta la tumba\u00bb \u2014 Iglesia Adventista del S\u00e9ptimo D\u00eda - Divisi\u00f3n Interamericana\" data-secret=\"wbNhox8tFW\" frameborder=\"0\" marginwidth=\"0\" marginheight=\"0\" scrolling=\"no\" class=\"wp-embedded-content\"><\/iframe><script type=\"text\/javascript\">\n\/* <![CDATA[ *\/\n\/*! This file is auto-generated *\/\n!function(d,l){\"use strict\";l.querySelector&&d.addEventListener&&\"undefined\"!=typeof URL&&(d.wp=d.wp||{},d.wp.receiveEmbedMessage||(d.wp.receiveEmbedMessage=function(e){var t=e.data;if((t||t.secret||t.message||t.value)&&!\/[^a-zA-Z0-9]\/.test(t.secret)){for(var s,r,n,a=l.querySelectorAll('iframe[data-secret=\"'+t.secret+'\"]'),o=l.querySelectorAll('blockquote[data-secret=\"'+t.secret+'\"]'),c=new RegExp(\"^https?:$\",\"i\"),i=0;i<o.length;i++)o[i].style.display=\"none\";for(i=0;i<a.length;i++)s=a[i],e.source===s.contentWindow&&(s.removeAttribute(\"style\"),\"height\"===t.message?(1e3<(r=parseInt(t.value,10))?r=1e3:~~r<200&&(r=200),s.height=r):\"link\"===t.message&&(r=new URL(s.getAttribute(\"src\")),n=new URL(t.value),c.test(n.protocol))&&n.host===r.host&&l.activeElement===s&&(d.top.location.href=t.value))}},d.addEventListener(\"message\",d.wp.receiveEmbedMessage,!1),l.addEventListener(\"DOMContentLoaded\",function(){for(var e,t,s=l.querySelectorAll(\"iframe.wp-embedded-content\"),r=0;r<s.length;r++)(t=(e=s[r]).getAttribute(\"data-secret\"))||(t=Math.random().toString(36).substring(2,12),e.src+=\"#?secret=\"+t,e.setAttribute(\"data-secret\",t)),e.contentWindow.postMessage({message:\"ready\",secret:t},\"*\")},!1)))}(window,document);\n\/\/# sourceURL=https:\/\/interamerica.org\/wp-includes\/js\/wp-embed.min.js\n\/* ]]> *\/\n<\/script>\n","thumbnail_url":"https:\/\/interamerica.org\/wp-content\/uploads\/2018\/04\/healthy-from-the-cradle-to-the-grave.jpg","thumbnail_width":1000,"thumbnail_height":500,"description":"Para los adventistas del s\u00e9ptimo d\u00eda, acaso no resulte una gran sorpresa escuchar sobre la importancia de las influencias prenatales en la vida del futuro beb\u00e9. Despu\u00e9s de todo, fue Elena G. White, una de las fundadoras de la denominaci\u00f3n, quien hace m\u00e1s de un siglo escribi\u00f3: \u201cUn error que se comete a menudo es el de no establecer diferencia alguna en la vida de una mujer cuando est\u00e1 por llegar a ser madre. Durante este per\u00edodo importante debe aligerarse su labor. Se est\u00e1n produciendo grandes cambios en su organismo. Este requiere mayor cantidad de sangre, y por lo tanto debe recibir m\u00e1s alimento, y de la calidad m\u00e1s nutritiva, para que lo convierta en sangre. A menos que ella obtenga una abundancia de alimento nutritivo, no podr\u00e1 conservar su fuerza f\u00edsica, y su descendencia quedar\u00e1 privada de vitalidad\u201d (El hogar cristiano, p. 231)."}

Iglesia Adventista del Séptimo Día - División Interamericana

Sano, desde la cuna hasta la tumba - Iglesia Adventista del Séptimo Día - División Interamericana

<blockquote class="wp-embedded-content" data-secret="wbNhox8tFW"><a href="https://interamerica.org/es/2018/03/sano-desde-la-cuna-hasta-la-tumba/">Sano, desde la cuna hasta la tumba</a></blockquote><iframe sandbox="allow-scripts" security="restricted" src="https://interamerica.org/es/2018/03/sano-desde-la-cuna-hasta-la-tumba/embed/#?secret=wbNhox8tFW" width="600" height="338" title="«Sano, desde la cuna hasta la tumba» — Iglesia Adventista del Séptimo Día - División Interamericana" data-secret="wbNhox8tFW" frameborder="0" marginwidth="0" marginheight="0" scrolling="no" class="wp-embedded-content"></iframe><script type="text/javascript">
/* <![CDATA[ */
/*! This file is auto-generated */
!function(d,l){"use strict";l.querySelector&&d.addEventListener&&"undefined"!=typeof URL&&(d.wp=d.wp||{},d.wp.receiveEmbedMessage||(d.wp.receiveEmbedMessage=function(e){var t=e.data;if((t||t.secret||t.message||t.value)&&!/[^a-zA-Z0-9]/.test(t.secret)){for(var s,r,n,a=l.querySelectorAll('iframe[data-secret="'+t.secret+'"]'),o=l.querySelectorAll('blockquote[data-secret="'+t.secret+'"]'),c=new RegExp("^https?:$","i"),i=0;i<o.length;i++)o[i].style.display="none";for(i=0;i<a.length;i++)s=a[i],e.source===s.contentWindow&&(s.removeAttribute("style"),"height"===t.message?(1e3<(r=parseInt(t.value,10))?r=1e3:~~r<200&&(r=200),s.height=r):"link"===t.message&&(r=new URL(s.getAttribute("src")),n=new URL(t.value),c.test(n.protocol))&&n.host===r.host&&l.activeElement===s&&(d.top.location.href=t.value))}},d.addEventListener("message",d.wp.receiveEmbedMessage,!1),l.addEventListener("DOMContentLoaded",function(){for(var e,t,s=l.querySelectorAll("iframe.wp-embedded-content"),r=0;r<s.length;r++)(t=(e=s[r]).getAttribute("data-secret"))||(t=Math.random().toString(36).substring(2,12),e.src+="#?secret="+t,e.setAttribute("data-secret",t)),e.contentWindow.postMessage({message:"ready",secret:t},"*")},!1)))}(window,document);
//# sourceURL=https://interamerica.org/wp-includes/js/wp-embed.min.js
/* ]]> */
</script>

Para los adventistas del séptimo día, acaso no resulte una gran sorpresa escuchar sobre la importancia de las influencias prenatales en la vida del futuro bebé. Después de todo, fue Elena G. White, una de las fundadoras de la denominación, quien hace más de un siglo escribió: “Un error que se comete a menudo es el de no establecer diferencia alguna en la vida de una mujer cuando está por llegar a ser madre. Durante este período importante debe aligerarse su labor. Se están produciendo grandes cambios en su organismo. Este requiere mayor cantidad de sangre, y por lo tanto debe recibir más alimento, y de la calidad más nutritiva, para que lo convierta en sangre. A menos que ella obtenga una abundancia de alimento nutritivo, no podrá conservar su fuerza física, y su descendencia quedará privada de vitalidad” (El hogar cristiano, p. 231).
