{"version":"1.0","provider_name":"\u00c9glise Adventiste Du Septieme Jour - Inter Am\u00e9rique Division","provider_url":"https:\/\/interamerica.org\/fr\/","author_name":"Lorenzo Verduzco","author_url":"https:\/\/interamerica.org\/fr\/author\/lorenzoverduzco\/","title":"35000 jeunes participent au Campor\u00e9e Adventiste au Br\u00e9sil - \u00c9glise Adventiste Du Septieme Jour - Inter Am\u00e9rique Division","type":"rich","width":600,"height":338,"html":"<blockquote class=\"wp-embedded-content\" data-secret=\"Uo0LXVJqOF\"><a href=\"https:\/\/interamerica.org\/fr\/2014\/01\/35000-jeunes-participent-au-camporee-adventiste-au-bresil\/\">35000 jeunes participent au Campor\u00e9e Adventiste au Br\u00e9sil<\/a><\/blockquote><iframe sandbox=\"allow-scripts\" security=\"restricted\" src=\"https:\/\/interamerica.org\/fr\/2014\/01\/35000-jeunes-participent-au-camporee-adventiste-au-bresil\/embed\/#?secret=Uo0LXVJqOF\" width=\"600\" height=\"338\" title=\"\u00ab\u00a035000 jeunes participent au Campor\u00e9e Adventiste au Br\u00e9sil\u00a0\u00bb &#8212; \u00c9glise Adventiste Du Septieme Jour - Inter Am\u00e9rique Division\" data-secret=\"Uo0LXVJqOF\" frameborder=\"0\" marginwidth=\"0\" marginheight=\"0\" scrolling=\"no\" class=\"wp-embedded-content\"><\/iframe><script type=\"text\/javascript\">\n\/* <![CDATA[ *\/\n\/*! This file is auto-generated *\/\n!function(d,l){\"use strict\";l.querySelector&&d.addEventListener&&\"undefined\"!=typeof URL&&(d.wp=d.wp||{},d.wp.receiveEmbedMessage||(d.wp.receiveEmbedMessage=function(e){var t=e.data;if((t||t.secret||t.message||t.value)&&!\/[^a-zA-Z0-9]\/.test(t.secret)){for(var s,r,n,a=l.querySelectorAll('iframe[data-secret=\"'+t.secret+'\"]'),o=l.querySelectorAll('blockquote[data-secret=\"'+t.secret+'\"]'),c=new RegExp(\"^https?:$\",\"i\"),i=0;i<o.length;i++)o[i].style.display=\"none\";for(i=0;i<a.length;i++)s=a[i],e.source===s.contentWindow&&(s.removeAttribute(\"style\"),\"height\"===t.message?(1e3<(r=parseInt(t.value,10))?r=1e3:~~r<200&&(r=200),s.height=r):\"link\"===t.message&&(r=new URL(s.getAttribute(\"src\")),n=new URL(t.value),c.test(n.protocol))&&n.host===r.host&&l.activeElement===s&&(d.top.location.href=t.value))}},d.addEventListener(\"message\",d.wp.receiveEmbedMessage,!1),l.addEventListener(\"DOMContentLoaded\",function(){for(var e,t,s=l.querySelectorAll(\"iframe.wp-embedded-content\"),r=0;r<s.length;r++)(t=(e=s[r]).getAttribute(\"data-secret\"))||(t=Math.random().toString(36).substring(2,12),e.src+=\"#?secret=\"+t,e.setAttribute(\"data-secret\",t)),e.contentWindow.postMessage({message:\"ready\",secret:t},\"*\")},!1)))}(window,document);\n\/\/# sourceURL=https:\/\/interamerica.org\/wp-includes\/js\/wp-embed.min.js\n\/* ]]> *\/\n<\/script>\n","thumbnail_url":"https:\/\/interamerica.org\/wp-content\/uploads\/2017\/06\/csm_path-feat-web_7b95a87ab71.jpg","thumbnail_width":400,"thumbnail_height":300,"description":"35000 jeunes, un nombre record, la plupart d\u2019entre eux des Adventistes du Septi\u00e8me jour, venus de 12 pays se sont r\u00e9unis \u00e0 Barretos, dans l\u2019\u00e9tat de S\u00e3o Paulo au Br\u00e9sil du 7 au 12 janvier pour le Quatri\u00e8me Campor\u00e9e Sud Am\u00e9ricain des Eclaireurs, un rassemblement de jeunes visant \u00e0 promouvoir un style de vie Chr\u00e9tien ainsi que le service communautaire."}

Église Adventiste Du Septieme Jour - Inter Amérique Division

35000 jeunes participent au Camporée Adventiste au Brésil - Église Adventiste Du Septieme Jour - Inter Amérique Division

<blockquote class="wp-embedded-content" data-secret="Uo0LXVJqOF"><a href="https://interamerica.org/fr/2014/01/35000-jeunes-participent-au-camporee-adventiste-au-bresil/">35000 jeunes participent au Camporée Adventiste au Brésil</a></blockquote><iframe sandbox="allow-scripts" security="restricted" src="https://interamerica.org/fr/2014/01/35000-jeunes-participent-au-camporee-adventiste-au-bresil/embed/#?secret=Uo0LXVJqOF" width="600" height="338" title="« 35000 jeunes participent au Camporée Adventiste au Brésil » &#8212; Église Adventiste Du Septieme Jour - Inter Amérique Division" data-secret="Uo0LXVJqOF" frameborder="0" marginwidth="0" marginheight="0" scrolling="no" class="wp-embedded-content"></iframe><script type="text/javascript">
/* <![CDATA[ */
/*! This file is auto-generated */
!function(d,l){"use strict";l.querySelector&&d.addEventListener&&"undefined"!=typeof URL&&(d.wp=d.wp||{},d.wp.receiveEmbedMessage||(d.wp.receiveEmbedMessage=function(e){var t=e.data;if((t||t.secret||t.message||t.value)&&!/[^a-zA-Z0-9]/.test(t.secret)){for(var s,r,n,a=l.querySelectorAll('iframe[data-secret="'+t.secret+'"]'),o=l.querySelectorAll('blockquote[data-secret="'+t.secret+'"]'),c=new RegExp("^https?:$","i"),i=0;i<o.length;i++)o[i].style.display="none";for(i=0;i<a.length;i++)s=a[i],e.source===s.contentWindow&&(s.removeAttribute("style"),"height"===t.message?(1e3<(r=parseInt(t.value,10))?r=1e3:~~r<200&&(r=200),s.height=r):"link"===t.message&&(r=new URL(s.getAttribute("src")),n=new URL(t.value),c.test(n.protocol))&&n.host===r.host&&l.activeElement===s&&(d.top.location.href=t.value))}},d.addEventListener("message",d.wp.receiveEmbedMessage,!1),l.addEventListener("DOMContentLoaded",function(){for(var e,t,s=l.querySelectorAll("iframe.wp-embedded-content"),r=0;r<s.length;r++)(t=(e=s[r]).getAttribute("data-secret"))||(t=Math.random().toString(36).substring(2,12),e.src+="#?secret="+t,e.setAttribute("data-secret",t)),e.contentWindow.postMessage({message:"ready",secret:t},"*")},!1)))}(window,document);
//# sourceURL=https://interamerica.org/wp-includes/js/wp-embed.min.js
/* ]]> */
</script>

35000 jeunes, un nombre record, la plupart d’entre eux des Adventistes du Septième jour, venus de 12 pays se sont réunis à Barretos, dans l’état de São Paulo au Brésil du 7 au 12 janvier pour le Quatrième Camporée Sud Américain des Eclaireurs, un rassemblement de jeunes visant à promouvoir un style de vie Chrétien ainsi que le service communautaire.
