{"version":"1.0","provider_name":"\u00c9glise Adventiste Du Septieme Jour - Inter Am\u00e9rique Division","provider_url":"https:\/\/interamerica.org\/fr\/","author_name":"Lorenzo Verduzco","author_url":"https:\/\/interamerica.org\/fr\/author\/lorenzoverduzco\/","title":"Monteiro lib\u00e9r\u00e9 de prison au Togo - \u00c9glise Adventiste Du Septieme Jour - Inter Am\u00e9rique Division","type":"rich","width":600,"height":338,"html":"<blockquote class=\"wp-embedded-content\" data-secret=\"gMgUxuCFoI\"><a href=\"https:\/\/interamerica.org\/fr\/2014\/01\/monteiro-libere-de-prison-au-togo\/\">Monteiro lib\u00e9r\u00e9 de prison au Togo<\/a><\/blockquote><iframe sandbox=\"allow-scripts\" security=\"restricted\" src=\"https:\/\/interamerica.org\/fr\/2014\/01\/monteiro-libere-de-prison-au-togo\/embed\/#?secret=gMgUxuCFoI\" width=\"600\" height=\"338\" title=\"\u00ab\u00a0Monteiro lib\u00e9r\u00e9 de prison au Togo\u00a0\u00bb &#8212; \u00c9glise Adventiste Du Septieme Jour - Inter Am\u00e9rique Division\" data-secret=\"gMgUxuCFoI\" frameborder=\"0\" marginwidth=\"0\" marginheight=\"0\" scrolling=\"no\" class=\"wp-embedded-content\"><\/iframe><script type=\"text\/javascript\">\n\/* <![CDATA[ *\/\n\/*! This file is auto-generated *\/\n!function(d,l){\"use strict\";l.querySelector&&d.addEventListener&&\"undefined\"!=typeof URL&&(d.wp=d.wp||{},d.wp.receiveEmbedMessage||(d.wp.receiveEmbedMessage=function(e){var t=e.data;if((t||t.secret||t.message||t.value)&&!\/[^a-zA-Z0-9]\/.test(t.secret)){for(var s,r,n,a=l.querySelectorAll('iframe[data-secret=\"'+t.secret+'\"]'),o=l.querySelectorAll('blockquote[data-secret=\"'+t.secret+'\"]'),c=new RegExp(\"^https?:$\",\"i\"),i=0;i<o.length;i++)o[i].style.display=\"none\";for(i=0;i<a.length;i++)s=a[i],e.source===s.contentWindow&&(s.removeAttribute(\"style\"),\"height\"===t.message?(1e3<(r=parseInt(t.value,10))?r=1e3:~~r<200&&(r=200),s.height=r):\"link\"===t.message&&(r=new URL(s.getAttribute(\"src\")),n=new URL(t.value),c.test(n.protocol))&&n.host===r.host&&l.activeElement===s&&(d.top.location.href=t.value))}},d.addEventListener(\"message\",d.wp.receiveEmbedMessage,!1),l.addEventListener(\"DOMContentLoaded\",function(){for(var e,t,s=l.querySelectorAll(\"iframe.wp-embedded-content\"),r=0;r<s.length;r++)(t=(e=s[r]).getAttribute(\"data-secret\"))||(t=Math.random().toString(36).substring(2,12),e.src+=\"#?secret=\"+t,e.setAttribute(\"data-secret\",t)),e.contentWindow.postMessage({message:\"ready\",secret:t},\"*\")},!1)))}(window,document);\n\/\/# sourceURL=https:\/\/interamerica.org\/wp-includes\/js\/wp-embed.min.js\n\/* ]]> *\/\n<\/script>\n","thumbnail_url":"https:\/\/interamerica.org\/wp-content\/uploads\/2017\/06\/csm_mont_out_2_c457394d57.jpg","thumbnail_width":400,"thumbnail_height":300,"description":"Le pasteur Adventiste du Septi\u00e8me jour, Antonio Monteiro, a \u00e9t\u00e9 lib\u00e9r\u00e9 de prison cet apr\u00e8s midi \u00e0 Lom\u00e9 au Togo, ce qui met un terme \u00e0 un calvaire de pr\u00e8s de deux ans qui l\u2019a maintenu, lui et quatre autres, en d\u00e9tention suite \u00e0 des accusations de conspiration visant \u00e0 commettre un meurtre dans une affaire qui a retenu l\u2019attention de l\u2019Eglise Adventiste mondiale."}

Église Adventiste Du Septieme Jour - Inter Amérique Division

Monteiro libéré de prison au Togo - Église Adventiste Du Septieme Jour - Inter Amérique Division

<blockquote class="wp-embedded-content" data-secret="gMgUxuCFoI"><a href="https://interamerica.org/fr/2014/01/monteiro-libere-de-prison-au-togo/">Monteiro libéré de prison au Togo</a></blockquote><iframe sandbox="allow-scripts" security="restricted" src="https://interamerica.org/fr/2014/01/monteiro-libere-de-prison-au-togo/embed/#?secret=gMgUxuCFoI" width="600" height="338" title="« Monteiro libéré de prison au Togo » &#8212; Église Adventiste Du Septieme Jour - Inter Amérique Division" data-secret="gMgUxuCFoI" frameborder="0" marginwidth="0" marginheight="0" scrolling="no" class="wp-embedded-content"></iframe><script type="text/javascript">
/* <![CDATA[ */
/*! This file is auto-generated */
!function(d,l){"use strict";l.querySelector&&d.addEventListener&&"undefined"!=typeof URL&&(d.wp=d.wp||{},d.wp.receiveEmbedMessage||(d.wp.receiveEmbedMessage=function(e){var t=e.data;if((t||t.secret||t.message||t.value)&&!/[^a-zA-Z0-9]/.test(t.secret)){for(var s,r,n,a=l.querySelectorAll('iframe[data-secret="'+t.secret+'"]'),o=l.querySelectorAll('blockquote[data-secret="'+t.secret+'"]'),c=new RegExp("^https?:$","i"),i=0;i<o.length;i++)o[i].style.display="none";for(i=0;i<a.length;i++)s=a[i],e.source===s.contentWindow&&(s.removeAttribute("style"),"height"===t.message?(1e3<(r=parseInt(t.value,10))?r=1e3:~~r<200&&(r=200),s.height=r):"link"===t.message&&(r=new URL(s.getAttribute("src")),n=new URL(t.value),c.test(n.protocol))&&n.host===r.host&&l.activeElement===s&&(d.top.location.href=t.value))}},d.addEventListener("message",d.wp.receiveEmbedMessage,!1),l.addEventListener("DOMContentLoaded",function(){for(var e,t,s=l.querySelectorAll("iframe.wp-embedded-content"),r=0;r<s.length;r++)(t=(e=s[r]).getAttribute("data-secret"))||(t=Math.random().toString(36).substring(2,12),e.src+="#?secret="+t,e.setAttribute("data-secret",t)),e.contentWindow.postMessage({message:"ready",secret:t},"*")},!1)))}(window,document);
//# sourceURL=https://interamerica.org/wp-includes/js/wp-embed.min.js
/* ]]> */
</script>

Le pasteur Adventiste du Septième jour, Antonio Monteiro, a été libéré de prison cet après midi à Lomé au Togo, ce qui met un terme à un calvaire de près de deux ans qui l’a maintenu, lui et quatre autres, en détention suite à des accusations de conspiration visant à commettre un meurtre dans une affaire qui a retenu l’attention de l’Eglise Adventiste mondiale.
