{"version":"1.0","provider_name":"\u00c9glise Adventiste Du Septieme Jour - Inter Am\u00e9rique Division","provider_url":"https:\/\/interamerica.org\/fr\/","author_name":"Lorenzo Verduzco","author_url":"https:\/\/interamerica.org\/fr\/author\/lorenzoverduzco\/","title":"550 jeunes s'organisent pour changer San Antonio - \u00c9glise Adventiste Du Septieme Jour - Inter Am\u00e9rique Division","type":"rich","width":600,"height":338,"html":"<blockquote class=\"wp-embedded-content\" data-secret=\"2zM2WZ3sXs\"><a href=\"https:\/\/interamerica.org\/fr\/2015\/07\/550-jeunes-sorganisent-pour-changer-san-antonio\/\">550 jeunes s&rsquo;organisent pour changer San Antonio<\/a><\/blockquote><iframe sandbox=\"allow-scripts\" security=\"restricted\" src=\"https:\/\/interamerica.org\/fr\/2015\/07\/550-jeunes-sorganisent-pour-changer-san-antonio\/embed\/#?secret=2zM2WZ3sXs\" width=\"600\" height=\"338\" title=\"\u00ab\u00a0550 jeunes s&rsquo;organisent pour changer San Antonio\u00a0\u00bb &#8212; \u00c9glise Adventiste Du Septieme Jour - Inter Am\u00e9rique Division\" data-secret=\"2zM2WZ3sXs\" frameborder=\"0\" marginwidth=\"0\" marginheight=\"0\" scrolling=\"no\" class=\"wp-embedded-content\"><\/iframe><script type=\"text\/javascript\">\n\/* <![CDATA[ *\/\n\/*! This file is auto-generated *\/\n!function(d,l){\"use strict\";l.querySelector&&d.addEventListener&&\"undefined\"!=typeof URL&&(d.wp=d.wp||{},d.wp.receiveEmbedMessage||(d.wp.receiveEmbedMessage=function(e){var t=e.data;if((t||t.secret||t.message||t.value)&&!\/[^a-zA-Z0-9]\/.test(t.secret)){for(var s,r,n,a=l.querySelectorAll('iframe[data-secret=\"'+t.secret+'\"]'),o=l.querySelectorAll('blockquote[data-secret=\"'+t.secret+'\"]'),c=new RegExp(\"^https?:$\",\"i\"),i=0;i<o.length;i++)o[i].style.display=\"none\";for(i=0;i<a.length;i++)s=a[i],e.source===s.contentWindow&&(s.removeAttribute(\"style\"),\"height\"===t.message?(1e3<(r=parseInt(t.value,10))?r=1e3:~~r<200&&(r=200),s.height=r):\"link\"===t.message&&(r=new URL(s.getAttribute(\"src\")),n=new URL(t.value),c.test(n.protocol))&&n.host===r.host&&l.activeElement===s&&(d.top.location.href=t.value))}},d.addEventListener(\"message\",d.wp.receiveEmbedMessage,!1),l.addEventListener(\"DOMContentLoaded\",function(){for(var e,t,s=l.querySelectorAll(\"iframe.wp-embedded-content\"),r=0;r<s.length;r++)(t=(e=s[r]).getAttribute(\"data-secret\"))||(t=Math.random().toString(36).substring(2,12),e.src+=\"#?secret=\"+t,e.setAttribute(\"data-secret\",t)),e.contentWindow.postMessage({message:\"ready\",secret:t},\"*\")},!1)))}(window,document);\n\/\/# sourceURL=https:\/\/interamerica.org\/wp-includes\/js\/wp-embed.min.js\n\/* ]]> *\/\n<\/script>\n","thumbnail_url":"https:\/\/interamerica.org\/wp-content\/uploads\/2017\/06\/impact.jpg","thumbnail_width":1000,"thumbnail_height":500,"description":"Alors que l'Eglise Adventiste du Septi\u00e8me Jour au niveau mondial tient sa Session de la Conf\u00e9rence G\u00e9n\u00e9rale \u00e0 San Antonio au Texas, environ 550 jeunes adultes \u00e2g\u00e9s de 18 \u00e0 35 ans se rassemblent dans le cadre d\u2019Impact San Antonio \u00e0 l'H\u00f4tel Mariott Rivercenter du 2 au 11 juillet.  L'exp\u00e9rience de dix jours comprend des services de culte dynamiques et des sessions en groupes qui seront accompagn\u00e9s de projets de service communautaire les apr\u00e8s midi."}

Église Adventiste Du Septieme Jour - Inter Amérique Division

550 jeunes s'organisent pour changer San Antonio - Église Adventiste Du Septieme Jour - Inter Amérique Division

<blockquote class="wp-embedded-content" data-secret="2zM2WZ3sXs"><a href="https://interamerica.org/fr/2015/07/550-jeunes-sorganisent-pour-changer-san-antonio/">550 jeunes s&rsquo;organisent pour changer San Antonio</a></blockquote><iframe sandbox="allow-scripts" security="restricted" src="https://interamerica.org/fr/2015/07/550-jeunes-sorganisent-pour-changer-san-antonio/embed/#?secret=2zM2WZ3sXs" width="600" height="338" title="« 550 jeunes s&rsquo;organisent pour changer San Antonio » &#8212; Église Adventiste Du Septieme Jour - Inter Amérique Division" data-secret="2zM2WZ3sXs" frameborder="0" marginwidth="0" marginheight="0" scrolling="no" class="wp-embedded-content"></iframe><script type="text/javascript">
/* <![CDATA[ */
/*! This file is auto-generated */
!function(d,l){"use strict";l.querySelector&&d.addEventListener&&"undefined"!=typeof URL&&(d.wp=d.wp||{},d.wp.receiveEmbedMessage||(d.wp.receiveEmbedMessage=function(e){var t=e.data;if((t||t.secret||t.message||t.value)&&!/[^a-zA-Z0-9]/.test(t.secret)){for(var s,r,n,a=l.querySelectorAll('iframe[data-secret="'+t.secret+'"]'),o=l.querySelectorAll('blockquote[data-secret="'+t.secret+'"]'),c=new RegExp("^https?:$","i"),i=0;i<o.length;i++)o[i].style.display="none";for(i=0;i<a.length;i++)s=a[i],e.source===s.contentWindow&&(s.removeAttribute("style"),"height"===t.message?(1e3<(r=parseInt(t.value,10))?r=1e3:~~r<200&&(r=200),s.height=r):"link"===t.message&&(r=new URL(s.getAttribute("src")),n=new URL(t.value),c.test(n.protocol))&&n.host===r.host&&l.activeElement===s&&(d.top.location.href=t.value))}},d.addEventListener("message",d.wp.receiveEmbedMessage,!1),l.addEventListener("DOMContentLoaded",function(){for(var e,t,s=l.querySelectorAll("iframe.wp-embedded-content"),r=0;r<s.length;r++)(t=(e=s[r]).getAttribute("data-secret"))||(t=Math.random().toString(36).substring(2,12),e.src+="#?secret="+t,e.setAttribute("data-secret",t)),e.contentWindow.postMessage({message:"ready",secret:t},"*")},!1)))}(window,document);
//# sourceURL=https://interamerica.org/wp-includes/js/wp-embed.min.js
/* ]]> */
</script>

Alors que l'Eglise Adventiste du Septième Jour au niveau mondial tient sa Session de la Conférence Générale à San Antonio au Texas, environ 550 jeunes adultes âgés de 18 à 35 ans se rassemblent dans le cadre d’Impact San Antonio à l'Hôtel Mariott Rivercenter du 2 au 11 juillet.  L'expérience de dix jours comprend des services de culte dynamiques et des sessions en groupes qui seront accompagnés de projets de service communautaire les après midi.
