{"version":"1.0","provider_name":"\u00c9glise Adventiste Du Septieme Jour - Inter Am\u00e9rique Division","provider_url":"https:\/\/interamerica.org\/fr\/","author_name":"Lorenzo Verduzco","author_url":"https:\/\/interamerica.org\/fr\/author\/lorenzoverduzco\/","title":"Unis pour la mission - \u00c9glise Adventiste Du Septieme Jour - Inter Am\u00e9rique Division","type":"rich","width":600,"height":338,"html":"<blockquote class=\"wp-embedded-content\" data-secret=\"XkfOzu2d1I\"><a href=\"https:\/\/interamerica.org\/fr\/2017\/01\/unis-pour-la-mission\/\">Unis pour la mission<\/a><\/blockquote><iframe sandbox=\"allow-scripts\" security=\"restricted\" src=\"https:\/\/interamerica.org\/fr\/2017\/01\/unis-pour-la-mission\/embed\/#?secret=XkfOzu2d1I\" width=\"600\" height=\"338\" title=\"\u00ab\u00a0Unis pour la mission\u00a0\u00bb &#8212; \u00c9glise Adventiste Du Septieme Jour - Inter Am\u00e9rique Division\" data-secret=\"XkfOzu2d1I\" frameborder=\"0\" marginwidth=\"0\" marginheight=\"0\" scrolling=\"no\" class=\"wp-embedded-content\"><\/iframe><script type=\"text\/javascript\">\n\/* <![CDATA[ *\/\n\/*! This file is auto-generated *\/\n!function(d,l){\"use strict\";l.querySelector&&d.addEventListener&&\"undefined\"!=typeof URL&&(d.wp=d.wp||{},d.wp.receiveEmbedMessage||(d.wp.receiveEmbedMessage=function(e){var t=e.data;if((t||t.secret||t.message||t.value)&&!\/[^a-zA-Z0-9]\/.test(t.secret)){for(var s,r,n,a=l.querySelectorAll('iframe[data-secret=\"'+t.secret+'\"]'),o=l.querySelectorAll('blockquote[data-secret=\"'+t.secret+'\"]'),c=new RegExp(\"^https?:$\",\"i\"),i=0;i<o.length;i++)o[i].style.display=\"none\";for(i=0;i<a.length;i++)s=a[i],e.source===s.contentWindow&&(s.removeAttribute(\"style\"),\"height\"===t.message?(1e3<(r=parseInt(t.value,10))?r=1e3:~~r<200&&(r=200),s.height=r):\"link\"===t.message&&(r=new URL(s.getAttribute(\"src\")),n=new URL(t.value),c.test(n.protocol))&&n.host===r.host&&l.activeElement===s&&(d.top.location.href=t.value))}},d.addEventListener(\"message\",d.wp.receiveEmbedMessage,!1),l.addEventListener(\"DOMContentLoaded\",function(){for(var e,t,s=l.querySelectorAll(\"iframe.wp-embedded-content\"),r=0;r<s.length;r++)(t=(e=s[r]).getAttribute(\"data-secret\"))||(t=Math.random().toString(36).substring(2,12),e.src+=\"#?secret=\"+t,e.setAttribute(\"data-secret\",t)),e.contentWindow.postMessage({message:\"ready\",secret:t},\"*\")},!1)))}(window,document);\n\/\/# sourceURL=https:\/\/interamerica.org\/wp-includes\/js\/wp-embed.min.js\n\/* ]]> *\/\n<\/script>\n","thumbnail_url":"https:\/\/interamerica.org\/wp-content\/uploads\/2017\/06\/csm_Unity_130c1f1c76.jpeg","thumbnail_width":672,"thumbnail_height":378,"description":"Lors du Concile Annuel de 2016, le Comit\u00e9 Ex\u00e9cutif de la Conf\u00e9rence G\u00e9n\u00e9rale compos\u00e9 de 342 membres, s\u2019est r\u00e9uni au si\u00e8ge mondial de l\u2019Eglise Adventiste du Septi\u00e8me Jour \u00e0 Silver Spring dans le Maryland, afin d\u2019entendre des rapports et consid\u00e9rer un certain nombre de points. Une emphase importante a \u00e9t\u00e9 plac\u00e9e sur la mission de l\u2019\u00e9glise qui est revenue de mani\u00e8re pr\u00e9\u00e9minente dans de nombreuses discussions et de nombreux rapports. Parmi les nombreux points consid\u00e9r\u00e9s et vot\u00e9s par les repr\u00e9sentants de l\u2019\u00e9glise venus du monde entier, peut-\u00eatre qu\u2019aucun n\u2019a re\u00e7u plus d\u2019attention que le document \u00ab Unit\u00e9 dans la Mission : Proc\u00e9dures pour la R\u00e9conciliation de l\u2019Eglise. \u00bb"}

Église Adventiste Du Septieme Jour - Inter Amérique Division

Unis pour la mission - Église Adventiste Du Septieme Jour - Inter Amérique Division

<blockquote class="wp-embedded-content" data-secret="XkfOzu2d1I"><a href="https://interamerica.org/fr/2017/01/unis-pour-la-mission/">Unis pour la mission</a></blockquote><iframe sandbox="allow-scripts" security="restricted" src="https://interamerica.org/fr/2017/01/unis-pour-la-mission/embed/#?secret=XkfOzu2d1I" width="600" height="338" title="« Unis pour la mission » &#8212; Église Adventiste Du Septieme Jour - Inter Amérique Division" data-secret="XkfOzu2d1I" frameborder="0" marginwidth="0" marginheight="0" scrolling="no" class="wp-embedded-content"></iframe><script type="text/javascript">
/* <![CDATA[ */
/*! This file is auto-generated */
!function(d,l){"use strict";l.querySelector&&d.addEventListener&&"undefined"!=typeof URL&&(d.wp=d.wp||{},d.wp.receiveEmbedMessage||(d.wp.receiveEmbedMessage=function(e){var t=e.data;if((t||t.secret||t.message||t.value)&&!/[^a-zA-Z0-9]/.test(t.secret)){for(var s,r,n,a=l.querySelectorAll('iframe[data-secret="'+t.secret+'"]'),o=l.querySelectorAll('blockquote[data-secret="'+t.secret+'"]'),c=new RegExp("^https?:$","i"),i=0;i<o.length;i++)o[i].style.display="none";for(i=0;i<a.length;i++)s=a[i],e.source===s.contentWindow&&(s.removeAttribute("style"),"height"===t.message?(1e3<(r=parseInt(t.value,10))?r=1e3:~~r<200&&(r=200),s.height=r):"link"===t.message&&(r=new URL(s.getAttribute("src")),n=new URL(t.value),c.test(n.protocol))&&n.host===r.host&&l.activeElement===s&&(d.top.location.href=t.value))}},d.addEventListener("message",d.wp.receiveEmbedMessage,!1),l.addEventListener("DOMContentLoaded",function(){for(var e,t,s=l.querySelectorAll("iframe.wp-embedded-content"),r=0;r<s.length;r++)(t=(e=s[r]).getAttribute("data-secret"))||(t=Math.random().toString(36).substring(2,12),e.src+="#?secret="+t,e.setAttribute("data-secret",t)),e.contentWindow.postMessage({message:"ready",secret:t},"*")},!1)))}(window,document);
//# sourceURL=https://interamerica.org/wp-includes/js/wp-embed.min.js
/* ]]> */
</script>

Lors du Concile Annuel de 2016, le Comité Exécutif de la Conférence Générale composé de 342 membres, s’est réuni au siège mondial de l’Eglise Adventiste du Septième Jour à Silver Spring dans le Maryland, afin d’entendre des rapports et considérer un certain nombre de points. Une emphase importante a été placée sur la mission de l’église qui est revenue de manière prééminente dans de nombreuses discussions et de nombreux rapports. Parmi les nombreux points considérés et votés par les représentants de l’église venus du monde entier, peut-être qu’aucun n’a reçu plus d’attention que le document « Unité dans la Mission : Procédures pour la Réconciliation de l’Eglise. »
