{"version":"1.0","provider_name":"\u00c9glise Adventiste Du Septieme Jour - Inter Am\u00e9rique Division","provider_url":"https:\/\/interamerica.org\/fr\/","author_name":"Lorenzo Verduzco","author_url":"https:\/\/interamerica.org\/fr\/author\/lorenzoverduzco\/","title":"En bonne sant\u00e9, du berceau \u00e0 la tombe - \u00c9glise Adventiste Du Septieme Jour - Inter Am\u00e9rique Division","type":"rich","width":600,"height":338,"html":"<blockquote class=\"wp-embedded-content\" data-secret=\"5JiZSHixEt\"><a href=\"https:\/\/interamerica.org\/fr\/2018\/03\/en-bonne-sante-du-berceau-a-la-tombe\/\">En bonne sant\u00e9, du berceau \u00e0 la tombe<\/a><\/blockquote><iframe sandbox=\"allow-scripts\" security=\"restricted\" src=\"https:\/\/interamerica.org\/fr\/2018\/03\/en-bonne-sante-du-berceau-a-la-tombe\/embed\/#?secret=5JiZSHixEt\" width=\"600\" height=\"338\" title=\"\u00ab\u00a0En bonne sant\u00e9, du berceau \u00e0 la tombe\u00a0\u00bb &#8212; \u00c9glise Adventiste Du Septieme Jour - Inter Am\u00e9rique Division\" data-secret=\"5JiZSHixEt\" frameborder=\"0\" marginwidth=\"0\" marginheight=\"0\" scrolling=\"no\" class=\"wp-embedded-content\"><\/iframe><script type=\"text\/javascript\">\n\/* <![CDATA[ *\/\n\/*! This file is auto-generated *\/\n!function(d,l){\"use strict\";l.querySelector&&d.addEventListener&&\"undefined\"!=typeof URL&&(d.wp=d.wp||{},d.wp.receiveEmbedMessage||(d.wp.receiveEmbedMessage=function(e){var t=e.data;if((t||t.secret||t.message||t.value)&&!\/[^a-zA-Z0-9]\/.test(t.secret)){for(var s,r,n,a=l.querySelectorAll('iframe[data-secret=\"'+t.secret+'\"]'),o=l.querySelectorAll('blockquote[data-secret=\"'+t.secret+'\"]'),c=new RegExp(\"^https?:$\",\"i\"),i=0;i<o.length;i++)o[i].style.display=\"none\";for(i=0;i<a.length;i++)s=a[i],e.source===s.contentWindow&&(s.removeAttribute(\"style\"),\"height\"===t.message?(1e3<(r=parseInt(t.value,10))?r=1e3:~~r<200&&(r=200),s.height=r):\"link\"===t.message&&(r=new URL(s.getAttribute(\"src\")),n=new URL(t.value),c.test(n.protocol))&&n.host===r.host&&l.activeElement===s&&(d.top.location.href=t.value))}},d.addEventListener(\"message\",d.wp.receiveEmbedMessage,!1),l.addEventListener(\"DOMContentLoaded\",function(){for(var e,t,s=l.querySelectorAll(\"iframe.wp-embedded-content\"),r=0;r<s.length;r++)(t=(e=s[r]).getAttribute(\"data-secret\"))||(t=Math.random().toString(36).substring(2,12),e.src+=\"#?secret=\"+t,e.setAttribute(\"data-secret\",t)),e.contentWindow.postMessage({message:\"ready\",secret:t},\"*\")},!1)))}(window,document);\n\/\/# sourceURL=https:\/\/interamerica.org\/wp-includes\/js\/wp-embed.min.js\n\/* ]]> *\/\n<\/script>\n","thumbnail_url":"https:\/\/interamerica.org\/wp-content\/uploads\/2018\/04\/healthy-from-the-cradle-to-the-grave.jpg","thumbnail_width":1000,"thumbnail_height":500,"description":"Pour les Adventistes du Septi\u00e8me Jour, ce n\u2019est pas une grande surprise d\u2019entendre parler de l\u2019importance des influences pr\u00e9natales sur la vie du futur b\u00e9b\u00e9. Apr\u00e8s tout, c\u2019est Ellen G. White, cofondatrice de l\u2019\u00c9glise Adventiste, qui a \u00e9crit il y a plus d\u2019un si\u00e8cle: \u00ab On commet g\u00e9n\u00e9ralement l\u2019erreur de ne pas apporter de changements dans la vie d\u2019une femme avant la naissance de ses enfants. Pendant cette p\u00e9riode importante, son travail devrait \u00eatre all\u00e9g\u00e9. De grands bouleversements se produisent en elle. Cela requiert une plus grande quantit\u00e9 de sang et par cons\u00e9quent un surcro\u00eet de nourriture de qualit\u00e9 destin\u00e9e \u00e0 \u00eatre transform\u00e9e en sang. Si elle ne consomme pas une quantit\u00e9 suffisante d\u2019aliments nourrissants, elle ne peut conserver toute sa vigueur physique, ce qui alt\u00e8re la vitalit\u00e9 de l'enfant qu\u2019elle attend. \u00bb (Le Foyer Chr\u00e9tien, page 247)."}

Église Adventiste Du Septieme Jour - Inter Amérique Division

En bonne santé, du berceau à la tombe - Église Adventiste Du Septieme Jour - Inter Amérique Division

<blockquote class="wp-embedded-content" data-secret="5JiZSHixEt"><a href="https://interamerica.org/fr/2018/03/en-bonne-sante-du-berceau-a-la-tombe/">En bonne santé, du berceau à la tombe</a></blockquote><iframe sandbox="allow-scripts" security="restricted" src="https://interamerica.org/fr/2018/03/en-bonne-sante-du-berceau-a-la-tombe/embed/#?secret=5JiZSHixEt" width="600" height="338" title="« En bonne santé, du berceau à la tombe » &#8212; Église Adventiste Du Septieme Jour - Inter Amérique Division" data-secret="5JiZSHixEt" frameborder="0" marginwidth="0" marginheight="0" scrolling="no" class="wp-embedded-content"></iframe><script type="text/javascript">
/* <![CDATA[ */
/*! This file is auto-generated */
!function(d,l){"use strict";l.querySelector&&d.addEventListener&&"undefined"!=typeof URL&&(d.wp=d.wp||{},d.wp.receiveEmbedMessage||(d.wp.receiveEmbedMessage=function(e){var t=e.data;if((t||t.secret||t.message||t.value)&&!/[^a-zA-Z0-9]/.test(t.secret)){for(var s,r,n,a=l.querySelectorAll('iframe[data-secret="'+t.secret+'"]'),o=l.querySelectorAll('blockquote[data-secret="'+t.secret+'"]'),c=new RegExp("^https?:$","i"),i=0;i<o.length;i++)o[i].style.display="none";for(i=0;i<a.length;i++)s=a[i],e.source===s.contentWindow&&(s.removeAttribute("style"),"height"===t.message?(1e3<(r=parseInt(t.value,10))?r=1e3:~~r<200&&(r=200),s.height=r):"link"===t.message&&(r=new URL(s.getAttribute("src")),n=new URL(t.value),c.test(n.protocol))&&n.host===r.host&&l.activeElement===s&&(d.top.location.href=t.value))}},d.addEventListener("message",d.wp.receiveEmbedMessage,!1),l.addEventListener("DOMContentLoaded",function(){for(var e,t,s=l.querySelectorAll("iframe.wp-embedded-content"),r=0;r<s.length;r++)(t=(e=s[r]).getAttribute("data-secret"))||(t=Math.random().toString(36).substring(2,12),e.src+="#?secret="+t,e.setAttribute("data-secret",t)),e.contentWindow.postMessage({message:"ready",secret:t},"*")},!1)))}(window,document);
//# sourceURL=https://interamerica.org/wp-includes/js/wp-embed.min.js
/* ]]> */
</script>

Pour les Adventistes du Septième Jour, ce n’est pas une grande surprise d’entendre parler de l’importance des influences prénatales sur la vie du futur bébé. Après tout, c’est Ellen G. White, cofondatrice de l’Église Adventiste, qui a écrit il y a plus d’un siècle: « On commet généralement l’erreur de ne pas apporter de changements dans la vie d’une femme avant la naissance de ses enfants. Pendant cette période importante, son travail devrait être allégé. De grands bouleversements se produisent en elle. Cela requiert une plus grande quantité de sang et par conséquent un surcroît de nourriture de qualité destinée à être transformée en sang. Si elle ne consomme pas une quantité suffisante d’aliments nourrissants, elle ne peut conserver toute sa vigueur physique, ce qui altère la vitalité de l'enfant qu’elle attend. » (Le Foyer Chrétien, page 247).
