{"id":39435,"date":"2018-03-31T11:46:33","date_gmt":"2018-03-31T15:46:33","guid":{"rendered":"http:\/\/192.81.217.108\/?page_id=39435"},"modified":"2026-01-14T16:44:34","modified_gmt":"2026-01-14T21:44:34","slug":"technologie","status":"publish","type":"page","link":"https:\/\/interamerica.org\/fr\/technologie\/","title":{"rendered":"Services Technologiques"},"content":{"rendered":"<p>&nbsp;<\/p>\n<ul>\n<li><strong>Tr\u00e9sorier Adjoint ande Chef de l\u2019information(CIO):<\/strong> Tony De la Mota<\/li>\n<li><strong>Assistante Professionelle:<\/strong><em>\u00a0<\/em>Pamella Scott<\/li>\n<li><strong>Directeur de la Infrastructure et la S\u00e9curit\u00e9:<\/strong> Jose Romero<\/li>\n<li><strong>Directeur de la t\u00e9l\u00e9phonie et de la\u00a0formation de Technologie:<\/strong> Osman Longa<\/li>\n<li><strong>Directeur de Vid\u00e9oconf\u00e9rence:<\/strong> Deutly Leito<\/li>\n<li><strong>Directeur de\u00a0D\u00e9veloppement de Software:<\/strong> Lorenzo Verduzco<\/li>\n<li><strong>Directeur de Gestion de Documents Num\u00e9riques:<\/strong> Elizabeth Henry<\/li>\n<li><strong>Directeur de l\u2019information et Technicien du Sunplus:<\/strong> Juan Carlos Ni\u00f1o<\/li>\n<li><strong>Technicien de Sunplus pour le territoire:<\/strong> Neftali Cruz (Bas\u00e9e dans Merida, M\u00e9xico)<\/li>\n<li><strong>Technicien de Sunplus pour le territoire:<\/strong> Edy D\u00edaz (Bas\u00e9e dans Guatemala, City)<\/li>\n<li><strong>Assistante de D\u00e9veloppement de Software:<\/strong> Oscar Ni\u00f1o (Bas\u00e9e dans Medell\u00edn, Colombia)<\/li>\n<\/ul>\n","protected":false},"excerpt":{"rendered":"<p>&nbsp; Tr\u00e9sorier Adjoint ande Chef de l\u2019information(CIO): Tony De la Mota Assistante Professionelle:\u00a0Pamella Scott Directeur de la Infrastructure et la S\u00e9curit\u00e9: Jose Romero Directeur de la t\u00e9l\u00e9phonie et de la\u00a0formation&#8230;<\/p>\n","protected":false},"author":5,"featured_media":0,"parent":0,"menu_order":0,"comment_status":"closed","ping_status":"closed","template":"services.php","meta":{"_acf_changed":false,"footnotes":""},"class_list":["post-39435","page","type-page","status-publish","hentry"],"acf":[],"yoast_head":"<!-- This site is optimized with the Yoast SEO plugin v27.3 - https:\/\/yoast.com\/product\/yoast-seo-wordpress\/ -->\n<title>Services Technologiques - \u00c9glise Adventiste Du Septieme Jour - Inter Am\u00e9rique Division<\/title>\n<meta name=\"robots\" content=\"index, follow, max-snippet:-1, max-image-preview:large, max-video-preview:-1\" \/>\n<link rel=\"canonical\" href=\"https:\/\/interamerica.org\/fr\/technologie\/\" \/>\n<meta property=\"og:locale\" content=\"fr_FR\" \/>\n<meta property=\"og:type\" content=\"article\" \/>\n<meta property=\"og:title\" content=\"Services Technologiques - \u00c9glise Adventiste Du Septieme Jour - Inter Am\u00e9rique Division\" \/>\n<meta property=\"og:description\" content=\"&nbsp; Tr\u00e9sorier Adjoint ande Chef de l\u2019information(CIO): Tony De la Mota Assistante Professionelle:\u00a0Pamella Scott Directeur de la Infrastructure et la S\u00e9curit\u00e9: Jose Romero Directeur de la t\u00e9l\u00e9phonie et de la\u00a0formation...\" \/>\n<meta property=\"og:url\" content=\"https:\/\/interamerica.org\/fr\/technologie\/\" \/>\n<meta property=\"og:site_name\" content=\"\u00c9glise Adventiste Du Septieme Jour - Inter Am\u00e9rique Division\" \/>\n<meta property=\"article:modified_time\" content=\"2026-01-14T21:44:34+00:00\" \/>\n<meta name=\"twitter:card\" content=\"summary_large_image\" \/>\n<meta name=\"twitter:label1\" content=\"Dur\u00e9e de lecture estim\u00e9e\" \/>\n\t<meta name=\"twitter:data1\" content=\"1 minute\" \/>\n<script type=\"application\/ld+json\" class=\"yoast-schema-graph\">{\"@context\":\"https:\\\/\\\/schema.org\",\"@graph\":[{\"@type\":\"WebPage\",\"@id\":\"https:\\\/\\\/interamerica.org\\\/fr\\\/technologie\\\/\",\"url\":\"https:\\\/\\\/interamerica.org\\\/fr\\\/technologie\\\/\",\"name\":\"Services Technologiques - \u00c9glise Adventiste Du Septieme Jour - Inter Am\u00e9rique Division\",\"isPartOf\":{\"@id\":\"https:\\\/\\\/interamerica.org\\\/fr\\\/#website\"},\"datePublished\":\"2018-03-31T15:46:33+00:00\",\"dateModified\":\"2026-01-14T21:44:34+00:00\",\"breadcrumb\":{\"@id\":\"https:\\\/\\\/interamerica.org\\\/fr\\\/technologie\\\/#breadcrumb\"},\"inLanguage\":\"fr-FR\",\"potentialAction\":[{\"@type\":\"ReadAction\",\"target\":[\"https:\\\/\\\/interamerica.org\\\/fr\\\/technologie\\\/\"]}]},{\"@type\":\"BreadcrumbList\",\"@id\":\"https:\\\/\\\/interamerica.org\\\/fr\\\/technologie\\\/#breadcrumb\",\"itemListElement\":[{\"@type\":\"ListItem\",\"position\":1,\"name\":\"Home\",\"item\":\"https:\\\/\\\/interamerica.org\\\/fr\\\/\"},{\"@type\":\"ListItem\",\"position\":2,\"name\":\"Services Technologiques\"}]},{\"@type\":\"WebSite\",\"@id\":\"https:\\\/\\\/interamerica.org\\\/fr\\\/#website\",\"url\":\"https:\\\/\\\/interamerica.org\\\/fr\\\/\",\"name\":\"\u00c9glise Adventiste Du Septieme Jour - Inter Am\u00e9rique Division\",\"description\":\"\",\"potentialAction\":[{\"@type\":\"SearchAction\",\"target\":{\"@type\":\"EntryPoint\",\"urlTemplate\":\"https:\\\/\\\/interamerica.org\\\/fr\\\/?s={search_term_string}\"},\"query-input\":{\"@type\":\"PropertyValueSpecification\",\"valueRequired\":true,\"valueName\":\"search_term_string\"}}],\"inLanguage\":\"fr-FR\"}]}<\/script>\n<!-- \/ Yoast SEO plugin. -->","yoast_head_json":{"title":"Services Technologiques - \u00c9glise Adventiste Du Septieme Jour - Inter Am\u00e9rique Division","robots":{"index":"index","follow":"follow","max-snippet":"max-snippet:-1","max-image-preview":"max-image-preview:large","max-video-preview":"max-video-preview:-1"},"canonical":"https:\/\/interamerica.org\/fr\/technologie\/","og_locale":"fr_FR","og_type":"article","og_title":"Services Technologiques - \u00c9glise Adventiste Du Septieme Jour - Inter Am\u00e9rique Division","og_description":"&nbsp; Tr\u00e9sorier Adjoint ande Chef de l\u2019information(CIO): Tony De la Mota Assistante Professionelle:\u00a0Pamella Scott Directeur de la Infrastructure et la S\u00e9curit\u00e9: Jose Romero Directeur de la t\u00e9l\u00e9phonie et de la\u00a0formation...","og_url":"https:\/\/interamerica.org\/fr\/technologie\/","og_site_name":"\u00c9glise Adventiste Du Septieme Jour - Inter Am\u00e9rique Division","article_modified_time":"2026-01-14T21:44:34+00:00","twitter_card":"summary_large_image","twitter_misc":{"Dur\u00e9e de lecture estim\u00e9e":"1 minute"},"schema":{"@context":"https:\/\/schema.org","@graph":[{"@type":"WebPage","@id":"https:\/\/interamerica.org\/fr\/technologie\/","url":"https:\/\/interamerica.org\/fr\/technologie\/","name":"Services Technologiques - \u00c9glise Adventiste Du Septieme Jour - Inter Am\u00e9rique Division","isPartOf":{"@id":"https:\/\/interamerica.org\/fr\/#website"},"datePublished":"2018-03-31T15:46:33+00:00","dateModified":"2026-01-14T21:44:34+00:00","breadcrumb":{"@id":"https:\/\/interamerica.org\/fr\/technologie\/#breadcrumb"},"inLanguage":"fr-FR","potentialAction":[{"@type":"ReadAction","target":["https:\/\/interamerica.org\/fr\/technologie\/"]}]},{"@type":"BreadcrumbList","@id":"https:\/\/interamerica.org\/fr\/technologie\/#breadcrumb","itemListElement":[{"@type":"ListItem","position":1,"name":"Home","item":"https:\/\/interamerica.org\/fr\/"},{"@type":"ListItem","position":2,"name":"Services Technologiques"}]},{"@type":"WebSite","@id":"https:\/\/interamerica.org\/fr\/#website","url":"https:\/\/interamerica.org\/fr\/","name":"\u00c9glise Adventiste Du Septieme Jour - Inter Am\u00e9rique Division","description":"","potentialAction":[{"@type":"SearchAction","target":{"@type":"EntryPoint","urlTemplate":"https:\/\/interamerica.org\/fr\/?s={search_term_string}"},"query-input":{"@type":"PropertyValueSpecification","valueRequired":true,"valueName":"search_term_string"}}],"inLanguage":"fr-FR"}]}},"_links":{"self":[{"href":"https:\/\/interamerica.org\/fr\/wp-json\/wp\/v2\/pages\/39435","targetHints":{"allow":["GET"]}}],"collection":[{"href":"https:\/\/interamerica.org\/fr\/wp-json\/wp\/v2\/pages"}],"about":[{"href":"https:\/\/interamerica.org\/fr\/wp-json\/wp\/v2\/types\/page"}],"author":[{"embeddable":true,"href":"https:\/\/interamerica.org\/fr\/wp-json\/wp\/v2\/users\/5"}],"replies":[{"embeddable":true,"href":"https:\/\/interamerica.org\/fr\/wp-json\/wp\/v2\/comments?post=39435"}],"version-history":[{"count":2,"href":"https:\/\/interamerica.org\/fr\/wp-json\/wp\/v2\/pages\/39435\/revisions"}],"predecessor-version":[{"id":137580,"href":"https:\/\/interamerica.org\/fr\/wp-json\/wp\/v2\/pages\/39435\/revisions\/137580"}],"wp:attachment":[{"href":"https:\/\/interamerica.org\/fr\/wp-json\/wp\/v2\/media?parent=39435"}],"curies":[{"name":"wp","href":"https:\/\/api.w.org\/{rel}","templated":true}]}}

<p>&nbsp;</p>
<ul>
<li><strong>Trésorier Adjoint ande Chef de l’information(CIO):</strong> Tony De la Mota</li>
<li><strong>Assistante Professionelle:</strong><em> </em>Pamella Scott</li>
<li><strong>Directeur de la Infrastructure et la Sécurité:</strong> Jose Romero</li>
<li><strong>Directeur de la téléphonie et de la formation de Technologie:</strong> Osman Longa</li>
<li><strong>Directeur de Vidéoconférence:</strong> Deutly Leito</li>
<li><strong>Directeur de Développement de Software:</strong> Lorenzo Verduzco</li>
<li><strong>Directeur de Gestion de Documents Numériques:</strong> Elizabeth Henry</li>
<li><strong>Directeur de l’information et Technicien du Sunplus:</strong> Juan Carlos Niño</li>
<li><strong>Technicien de Sunplus pour le territoire:</strong> Neftali Cruz (Basée dans Merida, México)</li>
<li><strong>Technicien de Sunplus pour le territoire:</strong> Edy Díaz (Basée dans Guatemala, City)</li>
<li><strong>Assistante de Développement de Software:</strong> Oscar Niño (Basée dans Medellín, Colombia)</li>
</ul>

<p>&nbsp; Trésorier Adjoint ande Chef de l’information(CIO): Tony De la Mota Assistante Professionelle: Pamella Scott Directeur de la Infrastructure et la Sécurité: Jose Romero Directeur de la téléphonie et de la formation&#8230;</p>

<!-- This site is optimized with the Yoast SEO plugin v27.3 - https://yoast.com/product/yoast-seo-wordpress/ -->
<title>Services Technologiques - Église Adventiste Du Septieme Jour - Inter Amérique Division</title>
<meta name="robots" content="index, follow, max-snippet:-1, max-image-preview:large, max-video-preview:-1" />
<link rel="canonical" href="https://interamerica.org/fr/technologie/" />
<meta property="og:locale" content="fr_FR" />
<meta property="og:type" content="article" />
<meta property="og:title" content="Services Technologiques - Église Adventiste Du Septieme Jour - Inter Amérique Division" />
<meta property="og:description" content="&nbsp; Trésorier Adjoint ande Chef de l’information(CIO): Tony De la Mota Assistante Professionelle: Pamella Scott Directeur de la Infrastructure et la Sécurité: Jose Romero Directeur de la téléphonie et de la formation..." />
<meta property="og:url" content="https://interamerica.org/fr/technologie/" />
<meta property="og:site_name" content="Église Adventiste Du Septieme Jour - Inter Amérique Division" />
<meta property="article:modified_time" content="2026-01-14T21:44:34+00:00" />
<meta name="twitter:card" content="summary_large_image" />
<meta name="twitter:label1" content="Durée de lecture estimée" />
	<meta name="twitter:data1" content="1 minute" />
<script type="application/ld+json" class="yoast-schema-graph">{"@context":"https:\/\/schema.org","@graph":[{"@type":"WebPage","@id":"https:\/\/interamerica.org\/fr\/technologie\/","url":"https:\/\/interamerica.org\/fr\/technologie\/","name":"Services Technologiques - Église Adventiste Du Septieme Jour - Inter Amérique Division","isPartOf":{"@id":"https:\/\/interamerica.org\/fr\/#website"},"datePublished":"2018-03-31T15:46:33+00:00","dateModified":"2026-01-14T21:44:34+00:00","breadcrumb":{"@id":"https:\/\/interamerica.org\/fr\/technologie\/#breadcrumb"},"inLanguage":"fr-FR","potentialAction":[{"@type":"ReadAction","target":["https:\/\/interamerica.org\/fr\/technologie\/"]}]},{"@type":"BreadcrumbList","@id":"https:\/\/interamerica.org\/fr\/technologie\/#breadcrumb","itemListElement":[{"@type":"ListItem","position":1,"name":"Home","item":"https:\/\/interamerica.org\/fr\/"},{"@type":"ListItem","position":2,"name":"Services Technologiques"}]},{"@type":"WebSite","@id":"https:\/\/interamerica.org\/fr\/#website","url":"https:\/\/interamerica.org\/fr\/","name":"Église Adventiste Du Septieme Jour - Inter Amérique Division","description":"","potentialAction":[{"@type":"SearchAction","target":{"@type":"EntryPoint","urlTemplate":"https:\/\/interamerica.org\/fr\/?s={search_term_string}"},"query-input":{"@type":"PropertyValueSpecification","valueRequired":true,"valueName":"search_term_string"}}],"inLanguage":"fr-FR"}]}</script>
<!-- / Yoast SEO plugin. -->

Services Technologiques - Église Adventiste Du Septieme Jour - Inter Amérique Division

&nbsp; Trésorier Adjoint ande Chef de l’information(CIO): Tony De la Mota Assistante Professionelle: Pamella Scott Directeur de la Infrastructure et la Sécurité: Jose Romero Directeur de la téléphonie et de la formation...

Église Adventiste Du Septieme Jour - Inter Amérique Division
